True
Is 136 a multiple of 43?
False
Does 12 divide 5376?
True
Is 486 a multiple of 9?
True
Is 54 a multiple of 18?
True
Is 14 a factor of 1440?
False
Is 558 a multiple of 23?
False
Is 14 a factor of 2236?
False
Does 15 divide 390?
True
Does 38 divide 11232?
False
Is 19 a factor of 1900?
True
Is 120 a multiple of 8?
True
Is 2718 a multiple of 102?
False
Is 28 a factor of 256?
False
Is 10 a factor of 13050?
True
Does 75 divide 533?
False
Is 50337 a multiple of 47?
True
Is 16697 a multiple of 72?
False
Is 72 a factor of 9360?
True
Is 11 a factor of 838?
False
Does 46 divide 845?
False
Does 13 divide 647?
False
Is 567 a multiple of 81?
True
Does 29 divide 16456?
False
Is 9184 a multiple of 14?
True
Is 3591 a multiple of 11?
False
Is 37 a factor of 32111?
False
Is 5 a factor of 145?
True
Is 195 even?
False
Does 9 divide 75710?
False
Does 63 divide 3780?
True
Does 30 divide 22712?
False
Is 263 a factor of 29134?
False
Is 606 a multiple of 62?
False
Is 3340 a multiple of 10?
True
Is 52 a factor of 1872?
True
Is 38 a factor of 9576?
True
Is 63013 a multiple of 88?
False
Is 3 a factor of 6?
True
Is 3230 a multiple of 19?
True
Is 11 a factor of 13959?
True
Is 1978 a multiple of 46?
True
Is 17676 a multiple of 140?
False
Is 7 a factor of 399?
True
Does 13 divide 25974?
True
Is 931 a multiple of 3?
False
Does 24 divide 1896?
True
Is 432 a multiple of 8?
True
Does 147 divide 12344?
False
Is 9 a factor of 1773?
True
Is 28 a factor of 8008?
True
Does 49 divide 7871?
False
Does 3 divide 822?
True
Does 3 divide 227?
False
Is 2925 a multiple of 117?
True
Is 384 a multiple of 6?
True
Is 15 a factor of 4207?
False
Does 54 divide 784?
False
Does 31 divide 19251?
True
Does 137 divide 3562?
True
Is 7 a factor of 431?
False
Is 107781 a multiple of 37?
True
Is 140 a factor of 7420?
True
Is 62544 a multiple of 99?
False
Does 14 divide 28252?
True
Does 11 divide 4526?
False
Is 11 a factor of 24716?
False
Is 8 a factor of 207?
False
Does 12 divide 4536?
True
Is 4 a factor of 1410?
False
Does 20 divide 7737?
False
Does 11 divide 77?
True
Is 327 a factor of 55263?
True
Is 33 a factor of 965?
False
Does 13 divide 122?
False
Does 17 divide 4012?
True
Is 664 a multiple of 35?
False
Is 12 a factor of 240?
True
Is 305 a multiple of 122?
False
Is 12540 a multiple of 20?
True
Does 21 divide 378?
True
Is 69 a factor of 10132?
False
Is 1020 a multiple of 51?
True
Is 65 a factor of 877?
False
Is 9 a factor of 42?
False
Is 24323 a multiple of 76?
False
Does 60 divide 13434?
False
Is 1581 a multiple of 93?
True
Is 43 a factor of 1376?
True
Does 29 divide 30837?
False
Is 20 a factor of 640?
True
Is 842 a multiple of 9?
False
Is 1080 a multiple of 12?
True
Is 354 a multiple of 59?
True
Does 15 divide 105?
True
Does 23 divide 2185?
True
Does 3 divide 84?
True
Is 336 a multiple of 12?
True
Does 42 divide 504?
True
Is 199 a factor of 16897?
False
Is 1140 a multiple of 19?
True
Is 160 a multiple of 10?
True
Is 780 a multiple of 52?
True
Is 295 a multiple of 8?
False
Is 43 a factor of 1978?
True
Is 2318 a multiple of 28?
False
Is 7 a factor of 278?
False
Is 3610 a multiple of 38?
True
Is 11 a factor of 1727?
True
Does 34 divide 272?
True
Is 680 a multiple of 16?
False
Does 44 divide 159060?
True
Does 7 divide 526?
False
Is 211 a multiple of 13?
False
Is 94 a factor of 17608?
False
Is 2176 a multiple of 4?
True
Is 77 a factor of 2002?
True
Is 72 a factor of 947?
False
Does 5 divide 147?
False
Does 26 divide 75608?
True
Is 2 a factor of 211?
False
Is 1288 a multiple of 44?
False
Is 4290 a multiple of 107?
False
Is 8260 a multiple of 98?
False
Is 5841 a multiple of 177?
True
Is 10002 a multiple of 33?
False
Is 26 a factor of 1066?
True
Is 30 a factor of 1740?
True
Does 46 divide 6808?
True
Does 19 divide 7011?
True
Is 17 a factor of 1163?
False
Is 47 a factor of 893?
True
Is 280 a multiple of 5?
True
Does 6 divide 356?
False
Is 8 a factor of 1272?
True
Does 86 divide 20640?
True
Is 14 a factor of 3017?
False
Does 40 divide 2881?
False
Is 28 a factor of 1045?
False
Does 84 divide 4032?
True
Does 13 divide 684?
False
Does 29 divide 645?
False
Is 41 a factor of 164?
True
Is 7 a factor of 1267?
True
Does 119 divide 47005?
True
Is 1305 a multiple of 45?
True
Does 139 divide 18348?
True
Is 1050 a multiple of 35?
True
Does 13 divide 1313?
True
Is 17028 a multiple of 99?
True
Does 23 divide 5658?
True
Is 198 a multiple of 3?
True
Does 2 divide 35?
False
Is 375 a multiple of 15?
True
Does 19 divide 620?
False
Is 16 a factor of 544?
True
Is 2034 a multiple of 15?
False
Does 27 divide 6129?
True
Is 936 a multiple of 18?
True
Is 44 a factor of 792?
True
Is 90 a factor of 532?
False
Is 618 a multiple of 40?
False
Is 7 a factor of 74?
False
Is 12475 a multiple of 2?
False
Is 113 a factor of 4637?
False
Is 12 a factor of 2532?
True
Does 59 divide 944?
True
Does 111 divide 1332?
True
Is 6 a factor of 564?
True
Is 25233 a multiple of 68?
False
Does 72 divide 792?
True
Is 167 a multiple of 4?
False
Is 25226 a multiple of 5?
False
Is 90 even?
True
Is 40 a multiple of 5?
True
Is 23 a factor of 257?
False
Is 61596 a multiple of 174?
True
Is 28 a factor of 249?
False
Does 22 divide 4180?
True
Is 13 a factor of 113?
False
Is 43 a factor of 4022?
False
Does 81 divide 10791?
False
Does 90 divide 1285?
False
Is 26 a factor of 1820?
True
Is 712 a multiple of 11?
False
Is 424 a factor of 175536?
True
Is 335 a multiple of 26?
False
Does 18 divide 1817?
False
Is 4665 a multiple of 9?
False
Is 2038 a multiple of 9?
False
Is 13 a multiple of 13?
True
Does 14 divide 2562?
True
Is 133 a multiple of 12?
False
Is 912 a multiple of 24?
True
Is 15 a factor of 1200?
True
Does 6 divide 156?
True
Is 4522 a multiple of 11?
False
Is 23 a factor of 174?
False
Does 48 divide 1611?
False
Is 13920 a multiple of 29?
True
Is 83 a multiple of 12?
False
Is 41 a factor of 3544?
False
Does 16 divide 1280?
True
Is 9307 a multiple of 193?
False
Is 328 a factor of 128248?
True
Does 22 divide 157036?
True
Is 899 a multiple of 29?
True
Is 226 a factor of 11298?
False
Does 28 divide 1092?
True
Does 82 divide 5084?
True
Does 94 divide 5546?
True
Is 44 a factor of 1452?
True
Is 9 a factor of 6624?
True
Is 11093 a multiple of 16?
False
Is 4 a factor of 80?
True
Does 13 divide 18704?
False
Is 1630 a multiple of 46?
False
Does 25 divide 350?
True
Is 6385 a multiple of 15?
False
Is 4 a factor of 6879?
False
Is 12365 a multiple of 25?
False
Is 88 a factor of 84887?
False
Is 5546 a multiple of 7?
False
Is 15 a factor of 1059?
False
Is 30 a factor of 5550?
True
Is 4 a factor of 76?
True
Does 62 divide 1668?
False
Does 3 divide 43?
False
Does 12 divide 11238?
False
Does 33 divide 9381?
False
Does 82 divide 15908?
True
Does 39 divide 6825?
True
Is 11601 a multiple of 235?
False
Is 1062 a multiple of 38?
False
Is 392 a multiple of 15?
False
Is 800 a multiple of 25?
True
Does 137 divide 83882?
False
Is 428 a factor of 21811?
False
Is 231 a factor of 55209?
True
Is 12540 a multiple of 110?
True
Does 22 divide 528?
True
Is 83 a factor of 4980?
True
Does 15 divide 105285?
True
Does 47 divide 2195?
False
Is 36 a factor of 18015?
False
Is 76095 a multiple of 57?
True
Does 5 divide 80055?
True
Does 9 divide 1730?
False
Does 13 divide 1716?
True
Is 3198 a multiple of 31?
False
Is 35 a factor of 490?
True
Is 12 a factor of 197?
False
Does 11 divide 3146?
True
Is 29014 a multiple of 21?
False
Is 2907 a multiple of 28?
False
Is 38109 a multiple of 59?
False
Is 1699 a multiple of 14?
False
Is 1209 a multiple of 39?
True
Does 18 divide 89?
False
Is 360 even?
True
Does 241 divide 11198?
False
Is 1107 a multiple of 27?
True
Is 87965 a multiple of 316?
False
Is 242 a factor of 5715?
False
Is 6 a factor of 48?
True
Does 93 divide 372?
True
Is 13500 a multiple of 54?
True
Is 11658 a multiple of 174?
True
Is 41377 a multiple of 22?
False
Does 18 divide 33400?
False
Is 6285 a multiple of 15?
True
Is 56 a factor of 893?
False
Does 40 divide 11800?
True
Is 10 a factor of 1521?
False
Is 853 a multiple of 4?
False
Is 54 a factor of 2214?
True
Is 9782 a multiple of 67?
True
Is 176 a factor of 10912?
True
Is 947 a multiple of 11?
False
Is 53 a factor of 1113?
True
Does 8 divide 144?
True
Does 11 divide 473?
True
Does 23 divide 942?
False
Is 85 a factor of 658?
False
Is 280 a factor of